{"id":419,"date":"2023-03-10T13:26:47","date_gmt":"2023-03-10T13:26:47","guid":{"rendered":"https:\/\/magical-wilson.157-90-23-119.plesk.page\/?page_id=419"},"modified":"2024-04-15T11:43:31","modified_gmt":"2024-04-15T09:43:31","slug":"lieferbedingungen","status":"publish","type":"page","link":"https:\/\/folien-schmitt.de\/index.php\/lieferbedingungen\/","title":{"rendered":"Lieferbedingungen"},"content":{"rendered":"\t\t<div data-elementor-type=\"wp-page\" data-elementor-id=\"419\" class=\"elementor elementor-419\" data-elementor-post-type=\"page\">\n\t\t\t\t\t\t<section class=\"elementor-section elementor-top-section elementor-element elementor-element-f1ac385 elementor-section-boxed elementor-section-height-default elementor-section-height-default\" data-id=\"f1ac385\" data-element_type=\"section\" data-e-type=\"section\">\n\t\t\t\t\t\t<div class=\"elementor-container elementor-column-gap-default\">\n\t\t\t\t\t<div class=\"elementor-column elementor-col-100 elementor-top-column elementor-element elementor-element-ea6ebd4\" data-id=\"ea6ebd4\" data-element_type=\"column\" data-e-type=\"column\">\n\t\t\t<div class=\"elementor-widget-wrap elementor-element-populated\">\n\t\t\t\t\t\t<div class=\"elementor-element elementor-element-ae7135e elementor-widget elementor-widget-text-editor\" data-id=\"ae7135e\" data-element_type=\"widget\" data-e-type=\"widget\" data-widget_type=\"text-editor.default\">\n\t\t\t\t<div class=\"elementor-widget-container\">\n\t\t\t\t\t\t\t\t\t<p><b class=\"fs18lh1-5\">Verkaufs- und Lieferbedingungen \/ Hinweise zur Bestellung:<\/b><\/p><p>Alle Preise verstehen sich zzgl. der gesetzlichen MwSt. und werden erst mit unserer Auftragsbest\u00e4tigung g\u00fcltig! (Stand 01.2022)<br \/><br \/>Lieferung: Frei Haus ab einem Mindestbestellwert von netto \u20ac 50,00 (Festland) Liegt der Warenwert darunter berechnen wir \u20ac 12,50 Versandkosten &#8211; innerhalb Deutschland (Festland)<br \/>Zahlung: 8 Tage .\/. 2%, 30 Tage netto (Neukunden Vorkasse)<br \/>Lieferzeit: Sofort ab Lager &#8211; Zwischenverkauf vorbehalten<br \/>Kleinbestellungen: Bei Bestellungen bis \u20ac 30,00 Netto-Warenwert berechnen wir \u20ac 5,00 Bearbeitungsgeb\u00fchr<br \/><br \/>Angebot freibleibend \u2013 es besteht keine Lieferverpflichtung<\/p><p>Hinweis: Die hier genannten Preise haben nur bedingt\u00a0 G\u00fcltigkeit und gelten unter dem Vorbehalt der ungest\u00f6rten\u00a0 Rohstoffversorgung und unver\u00e4nderten Rohstoffpreise.<br \/>Unsere Preise enthalten keine Lizenzgeb\u00fchr, Entsorgungskosten, DSD-Geb\u00fchren oder \u00e4hnliches!<\/p>\t\t\t\t\t\t\t\t<\/div>\n\t\t\t\t<\/div>\n\t\t\t\t\t<\/div>\n\t\t<\/div>\n\t\t\t\t\t<\/div>\n\t\t<\/section>\n\t\t\t\t<\/div>\n\t\t","protected":false},"excerpt":{"rendered":"<p>Verkaufs- und Lieferbedingungen \/ Hinweise zur Bestellung: Alle Preise verstehen sich zzgl. der gesetzlichen MwSt. und werden erst mit unserer Auftragsbest\u00e4tigung g\u00fcltig! (Stand 01.2022) Lieferung: Frei Haus ab einem Mindestbestellwert von netto \u20ac 50,00 (Festland) Liegt der Warenwert darunter berechnen wir \u20ac 12,50 Versandkosten &#8211; innerhalb Deutschland (Festland)Zahlung: 8 Tage .\/. 2%, 30 Tage netto [&hellip;]<\/p>\n","protected":false},"author":1,"featured_media":0,"parent":0,"menu_order":0,"comment_status":"closed","ping_status":"closed","template":"","meta":{"footnotes":""},"class_list":["post-419","page","type-page","status-publish","hentry"],"jetpack_sharing_enabled":true,"_links":{"self":[{"href":"https:\/\/folien-schmitt.de\/index.php\/wp-json\/wp\/v2\/pages\/419","targetHints":{"allow":["GET"]}}],"collection":[{"href":"https:\/\/folien-schmitt.de\/index.php\/wp-json\/wp\/v2\/pages"}],"about":[{"href":"https:\/\/folien-schmitt.de\/index.php\/wp-json\/wp\/v2\/types\/page"}],"author":[{"embeddable":true,"href":"https:\/\/folien-schmitt.de\/index.php\/wp-json\/wp\/v2\/users\/1"}],"replies":[{"embeddable":true,"href":"https:\/\/folien-schmitt.de\/index.php\/wp-json\/wp\/v2\/comments?post=419"}],"version-history":[{"count":7,"href":"https:\/\/folien-schmitt.de\/index.php\/wp-json\/wp\/v2\/pages\/419\/revisions"}],"predecessor-version":[{"id":430,"href":"https:\/\/folien-schmitt.de\/index.php\/wp-json\/wp\/v2\/pages\/419\/revisions\/430"}],"wp:attachment":[{"href":"https:\/\/folien-schmitt.de\/index.php\/wp-json\/wp\/v2\/media?parent=419"}],"curies":[{"name":"wp","href":"https:\/\/api.w.org\/{rel}","templated":true}]}}